8)?
5
Evaluate -13 - 1 - (13 + 4).
-31
What is 68 + -71 + (-8 - 2)?
-13
Evaluate (0 - 4) + 10 - -2.
8
Evaluate 14 + (1 - (-14 + 13)).
16
What is 5 - (-8 + 8 + 0)?
5
What is the value of (-19 - (12 + -15)) + 1?
-15
1 - (42 - 35 - (6 - 0)) - 6
-6
Calculate (10 - 10 - 13) + 5.
-8
What is -128 + 129 + (-6 - (-8 - -4))?
-1
Evaluate 5 - (-1 + 4 + (43 + -25 - 17)).
1
What is the value of -14 + 25 + -2 - 11?
-2
-82 + 124 + -24 + 16
34
What is the value of (32 - 0) + 422 + -453?
1
-1 - (-5 + -2 + -3 + 10)
-1
Calculate -2 + (-49 - -39) + 3 + -5.
-14
What is (33 + -22 - (-5 + 2 + 1)) + -8?
5
What is the value of 3 - (5 + -8 - (-19 - -24))?
11
What is (-10 - -7) + -29 + 18?
-14
What is the value of -24 + 13 + -4 + (-6 - -11)?
-10
Evaluate -28 - -23 - (-21 - -3).
13
Evaluate 12 + 5 + (-30 - 2).
-15
Evaluate -9 - ((8 - (-4 + 6)) + -18).
3
What is the value of (-4 - (1 + 0)) + -1 + 7 + -6?
-5
What is 2 + -10 - (-20 + 0 + 12)?
0
What is the value of 63 + -87 - (5 - 11)?
-18
(-4 - ((-3 - -17) + 4)) + -4
-26
Evaluate 0 + 15 - ((13 - 22) + 14).
10
Calculate (-10 - -1) + (0 - -2) + (61 - 61).
-7
What is -92 + 86 + -18 + -2 + 2 + -1?
-25
Calculate 37 + (11 - 16) + -8.
24
Calculate (-2 - 4) + (-3 + 1 - -4).
-4
(-6 - (-2 - 1)) + -6 + -3 + 21
9
Calculate (1 - 2 - 1) + -205 + 216.
9
What is 6 - 32 - (2 + -24)?
-4
Calculate -2 + -13 + 19 + -2.
2
Calculate 31 + -28 + -1 + -1.
1
Calculate (1537 - 1546) + (-2 - -2) + -18 + 0.
-27
Calculate (-4 - (-10 + 18)) + 0 - -30.
18
-9 - -3 - 2 - ((-10 - -5) + 0)
-3
What is 4 + -2 - -6 - (60 + -58 - -5)?
1
Calculate -37 - ((6 - -14) + -38).
-19
-18 - (12 - (-20 + 5 + 14))
-31
-7 + (10 - (18 - 7 - 7) - 19)
-20
What is the value of -28 - -20 - (-20 + 5 + (-6 - -3))?
10
8 - (-51 - -53) - (-1 + 1 - 7)
13
Calculate 70 + -63 - (11 + -2).
-2
Evaluate (0 - (-5 - (10 + -20))) + 18 - -6.
19
Evaluate -34 - -3 - -29 - 22.
-24
Calculate (-86 - -85) + -2 + -1.
-4
25 - (-22 + 48 + -22)
21
-2 + (1 + 8 - (14 + -8))
1
Calculate 0 + 5 + (-36 - -26 - -8).
3
(11 - (-2 - 7 - -46)) + (1 - -5)
-20
What is -7 + (0 + 14 - (-19 - -21))?
5
Evaluate 5 - 0 - (19 - (14 + -3)).
-3
What is the value of 2 - -7 - (-32 - -69 - 17)?
-11
What is the value of -7 - (-6 - (-10 + (-6 - -30) + -11))?
2
What is the value of -28 + 1 + 16 + -8 + 7?
-12
Calculate 2 - (-2 - -10) - ((34 - 9) + -27).
-4
-42 + 38 - (-4 - -2) - -12
10
What is the value of 3 + -1 + -35 - (-187 - -182)?
-28
What is the value of -12 - (-38 - -7) - (6 - 2)?
15
What is the value of -2 + 22 - (-2 + 1 - (-6 - 1))?
14
What is -14 + (-1 - -15) + -10 - -28?
18
What is the value of (-15 - -7) + (-31 - (21 + -43))?
-17
10 + (-15 + 27 - 47) + (2 - 4)
-27
Calculate (32 - 24 - 11) + 0 + -1 + 7.
3
Evaluate -7 - (4 + 1 - 6).
-6
Evaluate 11 - (-4 - (7 + -2) - -6).
14
Evaluate 0 + 2 + (-20 - -14 - 22).
-26
What is the value of (121 - 124) + (0 + 2 - -6) - 28?
-23
10 + (-8 - -8) + 13
23
(1 - 11 - -1) + 32 + -28 + 0
-5
Calculate 60 + -60 - (-8 - -8 - (1 + 3)).
4
(4 + 1 - (2 - (-1 + 10))) + 1
13
Calculate -6 - 0 - ((-31 - (-1 + 14)) + 11).
27
What is 5 - (-1 + -1) - 23 - (-6 + 1)?
-11
Evaluate 7 - ((8 - 10) + (-8 - (2 + -9))).
10
Evaluate 1 + 0 + 8 + -10 + 4 - 12.
-9
What is (-11 - (-4 - (-9 - -16))) + 0 + 0?
0
What is -2 + (-16 - (9 - 26))?
-1
What is 30 + 1 + 2 + (14 - 27)?
20
What is (-8 - -4) + -8 + 1 + 4 + -2?
-9
Calculate 37 - ((5 - 4 - -14) + -6 + -1).
29
9 - (26 - (9 + -7 + 1) - -2)
-16
What is (21 - (-7 - -15)) + -6?
7
-16 + 29 + -51 + 23
-15
Calculate -1 - 10 - (-54 + 34 - 20).
29
What is -2 + 0 + (-21 - -14) - (-9 - -19)?
-19
What is (13 - 13) + 19 + -9 + -16?
-6
What is 8 + (3 + 2 - (1 + 1 - -6))?
5
0 - 12 - (2 - (-2 + 17 - 7))
-6
0 - (8 - (7 + 1) - 3)
3
What is the value of 35 + 26 + -18 + -16?
27
What is (-1 - (-5 - (-8 - -5))) + (-1 - 0)?
0
What is 33 + -39 - (8 - (3 + 23))?
12
Calculate 7 + (-9 + 16 + -3 - 35).
-24
Evaluate (-5 - (9 + -11)) + -1 + 14.
10
What is -20 + (1 + 5 - -4)?
-10
Calculate 1 + 1 - -5 - ((5 - -2) + -3).
3
What is -11 + -1 + 3 - (-15 - -19 - -5)?
-18
What is (-2 - 8) + -12 + -18 + 44?
4
-12 + 9 + 18 - 20
-5
Evaluate (12 - ((3 - (-4 + 13)) + -2)) + -7.
13
Evaluate -11 - 0 - (-287 + 263).
13
-6 - -1 - (-947 + 924)
18
What is the value of -20 + -48 + 33 + 20?
-15
Evaluate -1 - -2 - 1 - (11 + 9 + -17).
-3
Calculate 1 - 1 - (13 - 0).
-13
Evaluate -975 + 962 + (2 - 2 - -30).
17
What is the value of 1 - (-4 - 3 - -16 - 4)?
-4
Calculate 21 - (15 + 1) - -4.
9
Calculate -13 - (-8 + (6 - 11 - -13)).
-13
What is the value of -3 + 6 + (-12 + 19 - 3)?
7
Evaluate -5 - -6 - ((26 - 44) + 6 + 1).
12
Evaluate 0 - (-52 + 50 - (1 - -1)).
4
What is (2 - 5) + 9 + (-3 - (-4 - -2))?
5
8 + 0 + (1 - 2) + (-1850 - -1850)
7
What is 37 - 0 - (-153 + 168)?
22
What is 23 + -4 - (136 + -135)?
18
What is (23 - -2) + -17 - -3?
11
What is (16 - 20 - (1 - 3)) + 12?
10
Calculate 34 - 69 - -57 - 18.
4
Evaluate -18 + (4 - -13 - -2).
1
What is the value of 1 - (-59 + 29) - 30?
1
What is (2 - 2) + 4 + -40 + 47 - 1?
10
What is -25 - (-16 - -6) - -25?
10
Calculate (-54 - -30) + 18 + (1 - -11).
6
Evaluate 6 - (-3 + 20 + (2 - 0)).
-13
What is -1 + -7 - -19 - (-5 - -18)?
-2
What is the value of -1 + -2 - (16 + -12 + 12 + -1)?
-18
What is 1 + 15 + -10 + (-1 - (-2 - -11))?
-4
Calculate 24 - (4 - 1) - (-12 - (-2 - 10)).
21
Calculate -23 + (-2 + 6 - (-27 + 26)).
-18
Evaluate -5 - (1 + 6 + -5 + -4).
-3
What is the value of ((0 - (2 + -1)) + 48 - 7) + -8?
32
Evaluate 8 + 5 + (-28 - (-16 - -28)).
-27
What is the value of 1 + -1 - (-11 - (12 - 38) - 16)?
1
-46 - -55 - (2 - -7)
0
Calculate (-9 - -7 - (0 + 2)) + (5 - -4).
5
What is 8 - -2 - (253 - 249)?
6
-14 + (0 - -4 - 2)
-12
What is the value of (-2 - -4) + -18 + 11 + 6?
1
Evaluate 14 + 1 - (-27 + (13 - -29)).
0
Evaluate -2 + 10 + 3 + -17.
-6
6 + 9 + -9 + 7 + -10
3
(-47 - (-35 - 16)) + 1 + (-13 - -1)
-7
Evaluate 6 + -13 - (1 + 1).
-9
Calculate -24 + 34 + 5 + -39 + 7.
-17
What is the value of -506 - -515 - (3 + -7)?
13
What is -20 - (-9 - (-4 + -7) - 7)?
-15
What is 16 - (-13 + -9 + 41)?
-3
What is the value of 15 - 20 - 13 - -25?
7
-22 + -1 + (-2 - -6) - -2
-17
What is (0 - 20) + -1335 + 1342?
-13
2 - 3 - (46 + -47) - 10
-10
What is the value of -4 - (6 - (-5 + (-5 + 11 - -20)))?
11
Calculate 2 + (8 - (6 + 18)) - (-5 - -1).
-10
(-8 - -9) + (1 + -3 - -5)
4
-3 + 4 + 16 + -39 + 9
-13
Evaluate 7 - (-4 + 8) - 5 - (-15 + 1).
12
What is the value of -19 + (4 - 7) - -1?
-21
Evaluate -10 - (-14 - 8) - 10.
2
What is the value of (26 - 27) + -10 + 1 + -1?
-11
(0 - 16) + (2 - -7)
-7
What is the value of (7 - -4 - 19) + (-1 - -29)?
20
Calculate -1 + (3 - 6) + (-13 - -26 - 16).
-7
-3 + -1 + 0 - (-1 + -30 + 21)
6
What is (-3 + -7 - (-21 - -17)) + 10?
4
What is the value of 67 - 82 - (-13 - 1)?
-1
Calculate (37 - 26) + -4 + 9.
16
Calculate 21 - (39 + -21 + -14).
17
Calculate -354 + 317 - (-1 - 15).
-21
What is 146 + -140 + (-2 - (9 - 5))?
0
What is the value of 22 - (-6 + 10 + 15)?
3
-12 - ((-117 - -113) + 1 + 0 + 0)
-9
(10 - (4 + -7)) + -7 + (2 - 0)
8
What is the value of (-9 - -14) + (3 - (-5 - (-3 - -4)))?
14
Calculate (-1 - 24) + (-29 - (-40 + 5)).
-19
What is the value of (79 - 69) + 1 + 11 + 8?
30
What is 26 + -2 + (-4 - -7 - 13)?
14
What is the value of -15 + (-2 + 6 - 5) - (30 - 29)?
-17
Evaluate 13 + -23 + -11 + 11.
-10
What is -17 + 11 + 4 + -6 + 0 - -44?
36
-21 + 36 + -8 + -3
4
What is the value of -2 + -7 + (3 - -25 - (-7 + -1))?
27
Evaluate -1 - (14 - (-18 + 29)).
-4
What is (7 - -6) + 20 + -37?
-4
Evaluate -1 - 23 - (166 + -210).
20
What is the value of (-3 + (-7 - -8) - (-4 + -5)) + -23?
-16
Calculate 40 - ((-241 - -248) + (1 - -6)).
26
Evaluate (5 - -2) + -1 - (144 + -157).
19
Calculate 3 - (12 + -20) - 37.
-26
What is 8 + 1 + 3 + 10 + -20 + 6?
8
What is the value of (-1 - (-8 + 6)) + -6 - (7 + -11)?
-1
What is -6 - 17 - 14 - -11?
-26
Evaluate -86 - -73 - (6 - -3).
-22
(-5 - (15 - 5)) + 17 + 14
16
What is (-5 - -13) + 1 + 3 + -29 - -3?
-14
What is 1 + 3 - (8 - (-2 - -13))?
7
Calculate 2 - (-17 + 35) - -12.
-4
Calculate 4 + (-6 - (-5 - 4) - -2).
9
What is the value of (10 - 4) + 3 + -15?
-6
Calculate 7 - ((-22 - -59) + -21).
-9
What is the value of (-1 - 1) + -2 + -1 + 5 + 0?
0
What is the value of (-1 - (-7 + (2 - 0))) + (-158 - -163)?
9
4 + -3 - 4 - (-10 - (-11 + -3))
-7
What is the 